o - 16. What is the hundreds digit of h(x)?
1
Let u(l) = 5*l + 30. Let o be u(-6). Suppose 4*y - 2*f - 436 = o, 9*y - f - 434 = 5*y. What is the units digit of y?
8
Suppose -8*k + 124 + 252 = 0. Let t = k - 44. Let w = t - -67. What is the units digit of w?
0
Suppose -12*j + 3*j + 279 = 0. Suppose j*w = -3*k + 30*w + 1351, 4*k - 1801 = -w. What is the tens digit of k?
5
Suppose -69331 = -n + d, -89*n = -92*n - 4*d + 207979. What is the tens digit of n?
2
Let o(m) = -m + 1. Let u be o(-10). Suppose u = -3*q - 4. What is the units digit of (-848)/(-4) - q - 2?
5
Let h(y) = -y**3 + 3*y**2 + 4*y + 5. Let z be h(4). Let l = 1069 + -819. Suppose 0 = -z*u - 4*c + l, 2*c + 22 = u - 42. What is the tens digit of u?
5
Suppose -3*q = -4*n + 18, -24 = -4*n + 2*q - 8. What is the units digit of (-171)/(-38)*28/n?
2
Suppose 0 = 19*q - 21*q + 20. Suppose 0 = -q*s + 2164 + 236. What is the tens digit of s?
4
What is the thousands digit of ((-200311)/(-8) - -2) + 0 - (-2)/16?
5
Let d be 164 + ((-3)/(-5))/(4/60). Let u(o) = -3*o**2 + 2*o + 1. Let q be u(4). Let x = d - q. What is the units digit of x?
2
Let v = -394 - -422. What is the units digit of (-873)/(-7) + 1 + (-20)/v?
5
Let a = 69 - 66. Suppose -a*c = 0, -6 + 1 = s - 3*c. Let f(u) = 5*u**2 - 2*u - 8. What is the tens digit of f(s)?
2
Suppose -17*w + 12 = -21*w, 3*p = 2*w + 3. Let k be (-4)/(-14) - (-5)/7. What is the tens digit of 4 - ((k - p) + -75)?
7
What is the ten thousands digit of (-177056)/40*(-21 + 11)?
4
Suppose 83 + 1237 = 6*r. Suppose 4*c = -5*h + c - 655, 251 = -2*h + c. Let k = r + h. What is the tens digit of k?
9
Let i(k) = 675*k + 625. What is the units digit of i(47)?
0
Let f = 15 - 11. Suppose -5*q + 190 = 5*j, 4*q - j = -f*j + 150. What is the units digit of 2/8 + 4203/q?
7
Let v(m) = 2*m**3 - 9*m**2 + 11*m - 7. Let w be v(8). Suppose 80*z - 99*z + 5529 = 0. Suppose -5*f + w = -z. What is the tens digit of f?
6
Suppose 4*u - 351 - 349 = 0. Suppose -3*v = 15, 0 = f - 4*f - 4*v + u. What is the units digit of f?
5
Suppose 5*d + 651 = 2551. Suppose n + 138 = d. Let j = n + -110. What is the units digit of j?
2
Let m = 7577 + 8113. What is the thousands digit of m?
5
Let i = -151 + 703. Suppose 2*h + 2*g = i, g - 1092 = -4*h - 0*g. What is the units digit of h?
2
Suppose -4*u - z = -19, -2*u - z - 2*z - 3 = 0. Suppose u*q + 3 = 15. Suppose 4*w - 852 = -3*g, w = -w + q*g + 412. What is the units digit of w?
0
Suppose 5*b - 19*b - 701856 = -30*b. What is the units digit of b?
6
Suppose -8*i + 145 + 31 = 0. What is the tens digit of ((-1676)/i)/((-4)/44)?
3
Suppose 0 = -2*t - 5*l + 59220, 13*t - 9*t - 118410 = 5*l. What is the hundreds digit of t?
6
What is the hundreds digit of (-27496264)/(-602) - (-30)/105*(-2)/(-4)?
6
Let q(j) = 541*j**2 - 21 - 538*j**2 + 0 - 6*j. Let g(f) = -f**3 + 20*f**2 + 20*f + 17. Let s be g(21). What is the units digit of q(s)?
1
Suppose 3*h - x = 6867, 17*h + 4585 = 19*h - 3*x. Let m = h - 1604. What is the tens digit of m?
8
Suppose 4*w + 270 = 4*r + r, -3*r + w + 169 = 0. Suppose -s + 4*z + 8 = 0, -5*s - 18 = -z - r. Let l(x) = 7*x + 25. What is the units digit of l(s)?
1
Suppose 62*t + 14 = 64*t. Suppose t*l + 75 = 47. What is the hundreds digit of (4/5)/(l/(-740))?
1
What is the ten thousands digit of (((-6615)/84)/35)/(3/(-21616))?
1
Let p = -34 - -39. Let c(a) = -4 + 2 + p - 1 - 13*a. What is the tens digit of c(-4)?
5
What is the units digit of 10 + 1 + (9446 - 26)?
1
Suppose -409584 = -234*n + 213*n. What is the units digit of n?
4
Suppose 121*f + 15 = 116*f. Let g(a) = -a**3 + a**2 - 5*a - 2. Let z be g(f). Let r = z + 65. What is the tens digit of r?
1
Let o be 2*3756/(-6)*2/4. Let j = -165 - o. What is the hundreds digit of j?
4
Let w = -3825 + 5770. What is the hundreds digit of w?
9
What is the hundreds digit of (25 + 12642)/((-2)/(-10)*5)?
6
What is the hundreds digit of (-15 - -31) + -17 + 22615 + (-1)/1?
6
Let f = -66 - -74. Suppose 2*c + f = 0, -m = 4*m + c - 1386. What is the units digit of m?
8
Let b(u) be the third derivative of 1/60*u**5 - 7/6*u**3 + 17*u**2 + 0*u**4 + 0*u + 0. What is the tens digit of b(12)?
3
Suppose 0 = -0*n - n + 1, 2*m - 1 = 3*n. Suppose k - 162 = -k. Suppose -m*a - 270 - 94 = -4*y, y - 3*a - k = 0. What is the tens digit of y?
9
Let b be (4263/(-15))/(-7)*5. Let m = b - -543. What is the units digit of m?
6
Suppose -4*p - 90 = -h - h, 15 = -p - h. Let v = p - -56. Suppose m = 56 + v. What is the units digit of m?
2
Let i(s) = 383*s**2 + 79*s + 87. What is the hundreds digit of i(-6)?
4
Let f(z) = 3*z**2 - 23*z + 83. What is the tens digit of f(42)?
0
Suppose g + 4*s - 184 = 0, 4*g - 204 = 2*s + 496. Suppose -85 = -c + g. What is the units digit of c?
1
Suppose 0 = -4*g - 3*j + 35300, -g + 3*j + 8825 = 8*j. What is the hundreds digit of g?
8
Let t(c) = 7427*c**2 - 123*c + 125. What is the hundreds digit of t(1)?
4
Let s = -360 + 352. What is the tens digit of 3*-1*s/6 + 1074?
7
Let x(y) = 5*y**3 - 75*y**2 + 33*y - 183. What is the ten thousands digit of x(20)?
1
Let v(s) = s + 25. Let p be v(-23). Suppose -3*z - p*z - 195 = 5*r, -5*z + 45 = -r. Let w = 47 + r. What is the units digit of w?
7
Let s = 8836 - 131. What is the hundreds digit of s?
7
Suppose -18*b - 130 = -23*b. Suppose 16*s - b*s + 10660 = 0. What is the thousands digit of s?
1
Suppose 2*d + 8391 = 9*d - 4706. What is the hundreds digit of d?
8
Suppose -q = -10*q + 27. Let n(w) = -92*w + 2. Let p be n(-1). Suppose 505 = q*j + s + p, -402 = -3*j + 2*s. What is the units digit of j?
6
Let u(x) = 2*x**2 - 23*x + 30. Let h be u(10). Suppose h = 3*i + 7*i - 1130. What is the tens digit of i?
1
Suppose 3*o = 9, -3*h - 282 = -3*o - 918. Let l = 494 - h. What is the units digit of l?
9
Suppose -2*f + 17 + 59 = 0. Let p = -6 + f. Suppose 0 = -23*w + 25*w - p. What is the tens digit of w?
1
Suppose 0*l - 40 = -4*l. Suppose -12*r = -l*r + 280. Let s = 244 + r. What is the units digit of s?
4
Let y = 897 + 32541. What is the thousands digit of y?
3
Suppose 5*c - 4*c - 1548 = 0. Let z = c - 712. Suppose -5*n + z = 6*n. What is the units digit of n?
6
Suppose -l - 6*f + f + 15 = 0, -3*l - 50 = -4*f. Suppose 4*c - c + 5*j + 45 = 0, -4*c - 3*j = 49. What is the tens digit of (-128)/c*l/(-4)?
3
Let k(n) = 5*n**3 + 24*n**2 - 122*n + 8. What is the ten thousands digit of k(14)?
1
Let l(w) be the second derivative of -156*w**3 - 18*w**2 + 58*w + 1. What is the units digit of l(-1)?
0
Suppose -3*t = -3*y - 57, -5*t = 4*y + y - 45. Suppose 460 = -10*v + t*v. What is the tens digit of v?
1
Suppose 0 = -y - 2*s + 35427, -106257 = -697*y + 694*y - 2*s. What is the ten thousands digit of y?
3
Suppose 2*q - 4 = 4. Let c(g) = -g**2 + 3*g + 4. Let p be c(q). Suppose p = -y + 5*y - 236. What is the tens digit of y?
5
Let s = 37 - 22. Suppose -9*z + 30 = -s. Suppose z*k + 100 = 505. What is the units digit of k?
1
Suppose -3*s = -3*h - 372, -s + 4*h + 39 = -94. Suppose 27 = -q - s. Let t = q + 213. What is the tens digit of t?
6
Let b = -57 + 57. Let s(x) = -5*x + 306. Let u be s(b). Suppose 6*o = 264 + u. What is the tens digit of o?
9
Suppose 6*q + p - 23291 = 7205, 0 = 3*q - 5*p - 15259. What is the units digit of q?
3
Let a = -3196 + 6499. What is the units digit of a?
3
Let k = 32 - 28. Suppose -24 = k*v - 36. Suppose -4*x = -5*j + 182, -v*j - 2*x = 3*x - 87. What is the units digit of j?
4
Let a(v) = -4*v**3 - 22*v**2 + 14*v + 14. Let n be a(-6). Let z(r) = 169*r**2 + 3*r - 9. What is the tens digit of z(n)?
7
Let v be 1*10/(-8)*352/22. Let i = v + 49. Let m = i - -10. What is the tens digit of m?
3
Suppose 63 = 5*t - 2*h - h, -5*h = 3*t - 31. Let a(r) = -r**3 + 15*r**2 - 25*r - 14. Let i be a(13). What is the units digit of 1 + i - 2*(-54)/t?
9
Suppose -4*k + 20 + 4 = 0. Suppose -4*j + k*j = -3*t + 3116, t = -j + 1040. What is the hundreds digit of t?
0
Let r(n) = n - 33. Let b(x) = 33. Let j(u) = 3*b(u) + 4*r(u). Let s be j(13). Suppose -s*o = -14*o - 1085. What is the units digit of o?
7
Suppose -4*q = 9 - 1. What is the tens digit of 115 - q/((-8)/(-4) + -4)?
1
Let x(r) = -r**2 + 7*r + 8. Let i be x(8). Suppose i = 133*k - 130*k - 2463. What is the tens digit of k?
2
Let k = 161 + -162. Let n(m) = 683*m**2 - 6*m - 6. What is the hundreds digit of n(k)?
6
Let w = -1264 + 